 96 = 16. Let a(w) = -8*w - 27. What is the remainder when a(-10) is divided by d?
11
Calculate the remainder when 69 is divided by (-418)/(-46) - (-32)/(-368).
6
Suppose -y - 4*n = 2*y - 19, -4*y + 27 = 5*n. Suppose -y + 52 = 3*u. Suppose 5*x - u = 12. Calculate the remainder when 17 is divided by x.
2
Suppose -8 = 27*h - 28*h. Suppose -3*r + w = -h, 10 = w - 3*w. Calculate the remainder when 3 is divided by r.
0
Let i(z) = -2*z**2 + 59*z + 36. Calculate the remainder when i(28) is divided by 25.
20
Suppose 4*s + 53 = 153. Let x = -11271 - -11394. Calculate the remainder when x is divided by s.
23
Let g(s) = 5*s**3 - 2*s**2 - 2*s + 2. Let q be g(1). Suppose 0 = q*u - 15 - 0. Let c(p) = -11*p + 1. Calculate the remainder when c(-1) is divided by u.
2
Suppose -47 = -d + 22. Let j(l) = l**3 + 39*l**2 - 166*l - 6. Calculate the remainder when d is divided by j(4).
15
What is the remainder when (-5)/4 + 1 + (-705)/(-4) is divided by 65?
46
What is the remainder when 23 is divided by 8/(-4)*(0/(-3) - 2)?
3
Suppose -26*c - 48*c = 38*c - 5936. Calculate the remainder when c is divided by (-3 + -24)/(6/(-4)).
17
Suppose 3*p + 15 = 6*p + 3*a, 0 = 3*p + 5*a - 9. Suppose 5*d + 118 = 4*w, -d - 81 - 29 = -4*w. Let y = w - 4. What is the remainder when y is divided by p?
7
Suppose -4*x - 3*a = -89, x - 3*a - 9 - 2 = 0. Calculate the remainder when 75 is divided by x.
15
Let k(l) = 2*l**2 - 8*l + 13. What is the remainder when k(8) is divided by 17?
9
Suppose 0 = 3*h + 2 - 80. Let f(w) = 10*w - 1. Calculate the remainder when f(5) is divided by 1/(1/h*2).
10
Let z be (-20)/3 - 16/(-24). Let k = -1 - -10. Let l = k - z. What is the remainder when 42 is divided by l?
12
Let z = -313 - -335. Calculate the remainder when 47 is divided by z.
3
Let a be (-21 - -21) + 1*2. Suppose 0 = -5*i + a*w + 82, -2*i + 3*w + w = -36. Calculate the remainder when 29 is divided by i.
13
Suppose 5*r - 2*d = 81 - 13, -3*r - 5*d = -47. Let k(y) = y**2 + 6*y - 3. Calculate the remainder when k(-12) is divided by r.
13
Suppose -19*y - 945 = -34*y. Calculate the remainder when 375 is divided by y.
60
Suppose 0*x + 8 = -x - 2*b, 10 = -2*b. Calculate the remainder when 17 is divided by (-48)/((-4)/x)*(-7)/(-14).
5
Suppose -v - 105 = -6*v. Suppose 0 = -6*y + 9*y - v. Calculate the remainder when y is divided by 3.
1
Suppose 0 = 3*t - 2*r - 269, -2*r - 360 = -4*t - 0*r. What is the remainder when t is divided by 26?
13
Suppose -q - x = -359, 5*q = x + 1651 + 138. Suppose -3*c + 5*p = -q, 0 = 4*c - 2*p + p - 466. What is the remainder when c is divided by 24?
20
Suppose y = -l + 13 - 3, 5*l = 5*y. Suppose -7 = b + y*r, 3*b - 7 = 3*r + 26. Suppose 5*k - k = 88. What is the remainder when k is divided by b?
6
Suppose -3*r = 2*i - r - 14, 2*i = 2*r + 6. Suppose 4*w = -16, -i*v + 3*w - 5*w + 177 = 0. Calculate the remainder when v is divided by 1 - (0 + 1 - 10).
7
Suppose 3*b + 759 = 72*b. Let x be 1*2 + (-4 - -142). Suppose 2*i - 3*r = 52, -i - 5*r - x = -6*i. Calculate the remainder when i is divided by b.
10
Let c(o) = -o**2 - 12*o - 11. Suppose -5*s - 15 = 25. Let u be c(s). Suppose -h + u + 2 = 0. What is the remainder when h is divided by 6?
5
Suppose -88 = -4*b + t + 90, -2*t = 4. What is the remainder when 83 is divided by b?
39
Suppose -9 = -3*j + 5*r, 0 = 5*j - 2*r + 4 - 0. What is the remainder when (2 - -1 - (-39 - j))*1 is divided by 7?
5
Suppose 547*u - 315 = 542*u. Calculate the remainder when 191 is divided by u.
2
Let o(q) = -15*q. Suppose 5*s + 15 + 0 = 0. Let c be s + (-2 - (-2 - 1)). Calculate the remainder when o(c) is divided by 11.
8
Let q(i) = -i**3 - 7*i**2 + 4*i + 10. Suppose -2*t + 2*k = -10, 0 = 4*t - t - 4*k - 19. Calculate the remainder when q(-8) is divided by (-3)/(2*t/(-10)).
12
What is the remainder when 55 - 43 - (-375 + 1) is divided by 23?
18
Let f = 186 + -60. What is the remainder when f is divided by 26?
22
Let h be -4 - (-2)/(-2) - -11. Let t(i) = 3*i**2 - 12*i + 38. Calculate the remainder when t(h) is divided by 19.
17
Calculate the remainder when -3*(1 - 18)*(169 - 167) is divided by 7.
4
Let b = 390 - 103. Calculate the remainder when b is divided by 24.
23
Let z(r) = -3*r - 7. Let g be z(-3). Suppose -g*b = -7*b + 130. Let x(o) = -o**3 + 5*o**2 + 8*o - 2. What is the remainder when b is divided by x(6)?
6
Let q = 50 - 39. Suppose 115 + 10 = u. Let c = -83 + u. Calculate the remainder when c is divided by q.
9
Let v be (-2)/7 + 24/(-14) - -19. Suppose 5 - v = -2*i. What is the remainder when 28 is divided by i?
4
Suppose -j - 2 = -5. Suppose -27 - 36 = -j*a. Let i = a - 5. What is the remainder when 44 is divided by i?
12
Suppose -8*m - 5*m + 1313 = 0. What is the remainder when m is divided by 28?
17
Suppose 4*k - 31*k + 594 = 0. What is the remainder when k is divided by ((-1)/(-3))/(3/117)?
9
Let p(s) = -3*s**3 - s**2 - 4*s - 3. Suppose 9*k - 6 = 11*k. Let z be p(k). Suppose -5*u = -6*u + z. What is the remainder when u is divided by 28?
25
Suppose 58*l = 39*l + 13927. Calculate the remainder when l is divided by 15.
13
Suppose 0 = 4*q - 5 - 7. Let y(n) = -2 - n + 2*n**3 - q*n**3 + 4 - 4*n**2 - 3. What is the remainder when y(-4) is divided by 2?
1
Let c be 1/(-2) + (-165)/30. Suppose -s - 3*q + 2 - 11 = 0, -2*s - 2 = 2*q. What is the remainder when s is divided by 4/((-1)/(3/c))?
1
Let k = 22 + 3. Let s be (-2934)/24 + (-5)/(-4) + -1. What is the remainder when k is divided by 8/36 + s/(-18)?
4
Let w(q) be the first derivative of q**4/4 - 3*q**3 + 11*q**2/2 - 2*q - 8. Suppose 0*f = 3*f - 24. Calculate the remainder when w(8) is divided by f.
6
Let c(p) = -6*p**2 + 10 + 7*p**2 - 15 + 17*p. What is the remainder when 24 is divided by c(-18)?
11
Suppose -123*y + 438 = -117*y. Calculate the remainder when 329 is divided by y.
37
Let m = -26 - -55. Suppose 357 = 3*a + 3*d, -4*a - 2*d = -8*a + 446. What is the remainder when a is divided by m?
27
Let i(a) = -54*a**2 - a + 1. Let w be i(-1). Let l = -18 - w. What is the remainder when 74 is divided by 38/(-3)*(-51)/l?
17
Let t(g) = 2*g + 9. Suppose -3*q = -7*q - 16. Calculate the remainder when (16/6)/(q/(-24)) is divided by t(0).
7
Calculate the remainder when 178 is divided by ((-2)/5)/((-1)/65).
22
Suppose 7*a - 42 + 7 = 0. Calculate the remainder when 12 is divided by a.
2
Let i be ((-2)/(-4))/((-1)/(-4)). Suppose 132 = -i*g + 4*g. Let q = -33 + 50. What is the remainder when g is divided by q?
15
Suppose 5*x - 2*l + 43 = 299, 5*x = -l + 247. Let y = 79 - x. What is the remainder when 201 is divided by y?
27
Let h = 73 + -74. Let q(f) = -20*f + 1. What is the remainder when 39 is divided by q(h)?
18
Suppose 80*a - 75*a = 20. Suppose 6*p - 25 = -5*u + 3*p, -20 = -a*u - p. Suppose 5*m = 5*n - 30, -4*m = 2 + 6. What is the remainder when u is divided by n?
1
Let b be (0 - (-48)/15)*10. Let f = b - 21. Suppose 4*a - 17 - 11 = 0. What is the remainder when f is divided by a?
4
Suppose -n - s = -4, 3*s = -5*n + 7*n - 28. Calculate the remainder when (-3 + 0 - -2)*-127 is divided by n.
7
Let a = -19 + 65. Let i = -13 + 25. What is the remainder when a is divided by i?
10
Suppose 0*g = -4*g + 72. Let k = -2 + g. Calculate the remainder when k is divided by 11.
5
Suppose -5*a + 36 = -3*c, 4*a + 2*c - 5*c = 27. Let i = a + 26. Calculate the remainder when i is divided by 15.
5
Let u = 764 - 622. Calculate the remainder when u is divided by 49.
44
What is the remainder when (2 + (-176 - -4))*2/(-4) is divided by 22?
19
Let u = 1 + -18. Let m = 29 + u. Calculate the remainder when 33 is divided by m.
9
Let x(p) be the first derivative of -p**2/2 - p + 11. Let s(y) = -14*y + 1. Let t(q) = s(q) - 3*x(q). Calculate the remainder when 75 is divided by t(-2).
23
Let w = -79 - -118. What is the remainder when 67 is divided by w?
28
Suppose 154 - 514 = -12*h. What is the remainder when 627 is divided by h?
27
Let j = -431 - -534. Calculate the remainder when j is divided by 52.
51
Suppose 0 = 12*s - 0*s + 1980. Calculate the remainder when 50 is divided by 15/(-20) - s/12.
11
Suppose -107*b = -110*b + 273. What is the remainder when 442 is divided by b?
78
Suppose -16*y + 1798 = -442. What is the remainder when y is divided by 18?
14
Suppose 5*h = 5*k + 110, 4*h = h - 2*k + 76. Calculate the remainder when h is